culate the remainder when 2242 is divided by 94.
80
What is the remainder when 68825 is divided by 149?
136
Calculate the remainder when 21756 is divided by 3623.
18
Calculate the remainder when 143951 is divided by 315.
311
Calculate the remainder when 16295 is divided by 4068.
23
Calculate the remainder when 233796 is divided by 58.
56
Calculate the remainder when 217341 is divided by 27.
18
What is the remainder when 51864 is divided by 9?
6
What is the remainder when 325802 is divided by 1293?
1259
What is the remainder when 2053 is divided by 395?
78
Calculate the remainder when 243775 is divided by 104.
103
Calculate the remainder when 14871 is divided by 2974.
1
What is the remainder when 179610 is divided by 1833?
1809
What is the remainder when 1040708 is divided by 1695?
1673
Calculate the remainder when 259430 is divided by 140.
10
What is the remainder when 110963 is divided by 42?
41
Calculate the remainder when 9728 is divided by 1901.
223
Calculate the remainder when 23568 is divided by 37.
36
What is the remainder when 289700 is divided by 1311?
1280
What is the remainder when 6909 is divided by 971?
112
What is the remainder when 1076 is divided by 15?
11
Calculate the remainder when 55768 is divided by 330.
328
Calculate the remainder when 2799838 is divided by 15.
13
Calculate the remainder when 1364 is divided by 487.
390
What is the remainder when 710 is divided by 4?
2
What is the remainder when 1496 is divided by 114?
14
What is the remainder when 73622 is divided by 313?
67
Calculate the remainder when 3500 is divided by 32.
12
What is the remainder when 24564 is divided by 80?
4
Calculate the remainder when 94077 is divided by 69.
30
Calculate the remainder when 455 is divided by 432.
23
What is the remainder when 14528 is divided by 2420?
8
Calculate the remainder when 97 is divided by 94.
3
What is the remainder when 98747 is divided by 98712?
35
Calculate the remainder when 1561 is divided by 349.
165
Calculate the remainder when 24485 is divided by 354.
59
Calculate the remainder when 1960 is divided by 394.
384
What is the remainder when 46241 is divided by 27?
17
Calculate the remainder when 114309 is divided by 461.
442
What is the remainder when 755 is divided by 78?
53
What is the remainder when 1314 is divided by 363?
225
What is the remainder when 5150 is divided by 1287?
2
What is the remainder when 23422 is divided by 7802?
16
Calculate the remainder when 19665 is divided by 87.
3
What is the remainder when 3264 is divided by 6?
0
What is the remainder when 30277 is divided by 259?
233
What is the remainder when 66657 is divided by 33305?
47
What is the remainder when 566513 is divided by 234?
233
What is the remainder when 1261057 is divided by 363?
358
Calculate the remainder when 2513 is divided by 2193.
320
Calculate the remainder when 244774 is divided by 15.
4
Calculate the remainder when 23011 is divided by 958.
19
What is the remainder when 4781 is divided by 355?
166
What is the remainder when 5739 is divided by 2860?
19
What is the remainder when 476010 is divided by 200?
10
Calculate the remainder when 120837 is divided by 530.
527
Calculate the remainder when 25180 is divided by 934.
896
What is the remainder when 181997 is divided by 60647?
56
What is the remainder when 305965 is divided by 8?
5
Calculate the remainder when 91701 is divided by 64.
53
Calculate the remainder when 288982 is divided by 89.
88
What is the remainder when 1815 is divided by 889?
37
What is the remainder when 1092 is divided by 20?
12
Calculate the remainder when 540797 is divided by 832.
829
What is the remainder when 10209 is divided by 389?
95
Calculate the remainder when 71743 is divided by 658.
21
Calculate the remainder when 3647 is divided by 6.
5
What is the remainder when 18901 is divided by 904?
821
Calculate the remainder when 1171420 is divided by 81.
79
Calculate the remainder when 17449 is divided by 330.
289
Calculate the remainder when 5193 is divided by 523.
486
What is the remainder when 23511 is divided by 40?
31
Calculate the remainder when 600 is divided by 26.
2
What is the remainder when 322378 is divided by 9?
7
Calculate the remainder when 25971 is divided by 18.
15
Calculate the remainder when 91218 is divided by 15197.
36
Calculate the remainder when 8305 is divided by 276.
25
Calculate the remainder when 238049 is divided by 1044.
17
What is the remainder when 354 is divided by 117?
3
What is the remainder when 21451 is divided by 1341?
1336
What is the remainder when 78342 is divided by 33?
0
What is the remainder when 8659 is divided by 152?
147
Calculate the remainder when 9092 is divided by 3026.
14
What is the remainder when 1749 is divided by 10?
9
Calculate the remainder when 34615 is divided by 361.
320
What is the remainder when 3828 is divided by 225?
3
Calculate the remainder when 39509 is divided by 435.
359
Calculate the remainder when 14682 is divided by 156.
18
Calculate the remainder when 47046 is divided by 22.
10
Calculate the remainder when 526 is divided by 485.
41
Calculate the remainder when 1096423 is divided by 98.
97
Calculate the remainder when 35959 is divided by 98.
91
Calculate the remainder when 7003 is divided by 21.
10
What is the remainder when 178921 is divided by 47?
39
Calculate the remainder when 3085 is divided by 769.
9
What is the remainder when 1732 is divided by 345?
7
What is the remainder when 1175 is divided by 603?
572
Calculate the remainder when 19525 is divided by 610.
5
What is the remainder when 1155 is divided by 100?
55
What is the remainder when 252794 is divided by 21?
17
Calculate the remainder when 209218 is divided by 23.
10
Calculate the remainder when 23071 is divided by 1779.
1723
What is the remainder when 22868 is divided by 332?
292
What is the remainder when 2691 is divided by 112?
3
Calculate the remainder when 7361 is divided by 216.
17
Calculate the remainder when 790 is divided by 775.
15
Calculate the remainder when 2262 is divided by 12.
6
Calculate the remainder when 16796 is divided by 2328.
500
Calculate the remainder when 9738 is divided by 51.
48
Calculate the remainder when 170300 is divided by 165.
20
Calculate the remainder when 1532694 is divided by 50.
44
What is the remainder when 1286 is divided by 368?
182
Calculate the remainder when 605 is divided by 409.
196
Calculate the remainder when 2220990 is divided by 32.
30
Calculate the remainder when 14703 is divided by 191.
187
Calculate the remainder when 2672 is divided by 1347.
1325
Calculate the remainder when 28501 is divided by 9491.
28
What is the remainder when 2134 is divided by 1958?
176
What is the remainder when 124084 is divided by 8?
4
Calculate the remainder when 1240 is divided by 547.
146
What is the remainder when 657753 is divided by 66?
63
What is the remainder when 1417 is divided by 116?
25
What is the remainder when 12316 is divided by 97?
94
Calculate the remainder when 11297 is divided by 133.
125
Calculate the remainder when 14600 is divided by 4473.
1181
What is the remainder when 3306139 is divided by 14?
11
Calculate the remainder when 129664 is divided by 64824.
16
What is the remainder when 23085251 is divided by 563?
562
Calculate the remainder when 1088 is divided by 60.
8
What is the remainder when 83040 is divided by 589?
580
Calculate the remainder when 3093 is divided by 18.
15
What is the remainder when 27872 is divided by 167?
150
Calculate the remainder when 28340 is divided by 788.
760
What is the remainder when 4648 is divided by 513?
31
What is the remainder when 602 is divided by 150?
2
What is the remainder when 3098 is divided by 2220?
878
What is the remainder when 9274 is divided by 81?
40
Calculate the remainder when 5496 is divided by 1828.
12
Calculate the remainder when 444576 is divided by 1549.
13
What is the remainder when 5838 is divided by 368?
318
What is the remainder when 60744 is divided by 832?
8
What is the remainder when 18262 is divided by 2281?
14
What is the remainder when 476649 is divided by 739?
733
Calculate the remainder when 12943 is divided by 121.
117
Calculate the remainder when 181628 is divided by 38.
26
What is the remainder when 23907 is divided by 40?
27
What is the remainder